p = -47 + 49. Let a(i) = -5*i**3 - 24319*i**2 + 24319*i**p. Determine a(-1).
5
Let v(c) be the third derivative of -c**5/60 + 2*c**4/3 - 21*c**3/2 + 15*c**2. Let i be v(10). Let l(p) = -2*p - 4*p**2 + 5*p**2 - 3*p**2 - 19 + 23. Give l(i).
-8
Let t(h) be the second derivative of -h**6/360 - h**5/15 - h**4/6 + 35*h**3 - 302*h. Let q(s) be the second derivative of t(s). Calculate q(-5).
11
Let o(w) be the third derivative of 2*w**2 + 38 + 0*w + 1/12*w**4 - 1/60*w**5 - w**3. Calculate o(0).
-6
Let o(q) = -q - 15. Suppose 80 = 4*v - 2*d, d - 78 - 20 = -4*v. Determine o(v).
-38
Suppose 2*m - 8 = 5*t, -4*m + 9*m - 2*t - 62 = 0. Let g(z) = z**3 + 1 - 52*z**2 - 15*z + 46*z**2 - 5 + m*z. Calculate g(7).
38
Let b(h) = 2*h**3 - 3*h**2 + 4. Let y be b(3). Suppose 4*r = 3*d - 9, -3*r - 5*d = 12 + y. Let m(f) = -f**3 - 6*f**2 + 5*f + 6. What is m(r)?
-24
Let n(h) = -157*h - 38. Let v(c) = 204*c + 48. Let g(j) = 13*n(j) + 10*v(j). Suppose 0 = -f + 8 - 3. Suppose f*u = x - 0*x - 25, 5*x = 2*u + 10. Calculate g(x).
-14
Let d(g) = g**3 + 9*g**2 + 8*g + 5. Let i = 298 - 274. Suppose -32*t + 29*t - i = 0. Determine d(t).
5
Let u(r) = 19*r**2 + 35*r - 29. Let z(g) = -24*g**2 - 35*g + 35. Let x(d) = -5*u(d) - 4*z(d). What is x(0)?
5
Let q(c) be the first derivative of -7*c**5/120 - c**4/8 + 190*c**3/3 + 99. Let v(k) be the third derivative of q(k). Determine v(-2).
11
Let h(x) be the third derivative of x**5/60 - 15*x**4/8 + 497*x**3/6 - x**2 + 89*x + 1. Determine h(20).
-3
Let s(y) = -4*y. Let b(l) = -17*l. Let o(q) = 3*b(q) - 10*s(q). Calculate o(-4).
44
Let s(f) be the first derivative of f**3/3 - f**2 - f - 7687. Determine s(6).
23
Suppose 33*k = -28*k + 122. Let i(g) = -3*g. Determine i(k).
-6
Let s = -85 + 90. Suppose 5*m = -3*c + 3 + s, -3*m - 4*c - 4 = 0. Suppose u - q = -8, -2 - 10 = m*u + q. Let z(x) = -x + 2. What is z(u)?
6
Let u(w) = w**3 - 4*w**2 - 7*w + 7. Let y(g) = -g**3 - 4*g**2 + 7*g + 22. Let k be y(-4). Let q be 1/3*(k - -6)/(-3). Suppose p - 5 = -q*p. Determine u(p).
-3
Let r be 6/4*(-3 - -5). Let j(n) = -23*n**r + n**2 + 1 + 11*n**3 + 7*n**3 + 7*n**3. Suppose 3*g + 2*s = -8, 5*g + 0*s - s + 9 = 0. Give j(g).
-11
Let z(i) = -4*i - 2. Let r be z(17). Let a = -68 - r. Let c(n) = -3*n**2 + n - 2. Let u(g) = g**3 + g**2 - g. Let l(d) = -c(d) - u(d). Give l(a).
2
Let g(o) = -6*o - 100867*o**2 + 100858*o**2 - 4*o**3 + 10 + 2*o**3 - 3. Calculate g(-4).
15
Let r(h) = 2*h**2 - 172*h + 358. Let k be r(84). Let d(f) = -f**2 + 18*f + 83. Give d(k).
-5
Let w = 143/432 + 1/432. Let f(p) be the third derivative of 1/60*p**5 + 7/24*p**4 + 2*p**2 + 0*p + 0 + w*p**3. Give f(-6).
-4
Let d(r) = r - 29. Let i(u) = -32*u - 2095. Let q be i(-66). Calculate d(q).
-12
Let h(n) = n - 11. Let m(t) = -3*t**2 + 14*t + 5. Suppose -12*s - 15 = -15*s. Let d be m(s). Give h(d).
-11
Let h(t) = 11*t + 4546*t**3 - 2272*t**3 - 97 + 18*t**2 - 2273*t**3. Calculate h(-17).
5
Let s(a) be the second derivative of -5*a**4/12 + a**3 - 2*a**2 + 2737*a + 2. Determine s(-5).
-159
Suppose -3*w + 4 = 1, -5*w + 35 = 3*r. Let x = r + -5. Let b(o) = -o**3 + 4*o**2 + 0*o**2 - 1305*o - 1320*o + 2 + 2626*o. Give b(x).
-18
Suppose -21*y - 72 - 33 = 0. Let s(k) be the third derivative of -k**3/6 + 3*k**2. Let h(n) = -2*n - 8. Let l(p) = y*s(p) + h(p). Give l(-3).
3
Let y(u) be the second derivative of -u**4/3 + 4*u**3 + 2*u**2 + 630*u. What is y(6)?
4
Let l(b) = 6*b + 1. Let n(r) = 4*r - 3. Let v be n(7). Let a = -90 + v. Let f = -64 - a. What is l(f)?
7
Let u = -9 - -8. Let j(x) be the first derivative of 0*x - 2/3*x**3 + 99 - 1/2*x**2 + 7/2*x**4. Determine j(u).
-15
Let d be 4 - (2 + (-1)/1). Let j(o) = 670*o + o**2 + 676*o + 682*o - 2030*o - 4. Give j(d).
-1
Suppose 4*h - 68 + 0 = 0. Suppose 4*n - 129 = -h. Let a = 36 - n. Let k(x) = -x + 11. What is k(a)?
3
Let n(x) = -2*x + 8. Suppose -5*g - 110 = -7*g. Let l(b) = 17 + 26*b + 25*b - g*b. Let c(o) = -6*l(o) + 13*n(o). What is c(-7)?
16
Let s(c) be the first derivative of c**3/3 + 19*c - 3499. Give s(4).
35
Let j(w) = -w**3 + 4*w**2 - 3*w + 3. Suppose -4*k + 2*a + 48 = 0, 2*k + 2*a = 5*a + 16. Suppose -k*m - 39 = -95. Give j(m).
-9
Let g(q) = 31*q**2 - 226*q - 11. Let h(p) = -11*p**2 + 80*p + 4. Let x(c) = -6*g(c) - 17*h(c). What is x(10)?
58
Let u be 6/(-6)*0/6. Let d(n) = 3*n + 4*n - 1 - 6*n. Determine d(u).
-1
Let a(m) = -m**2 - 5*m + 19. Let k = 10317 + -10314. Give a(k).
-5
Let v = 56 + -47. Suppose -4*o + 65 = v*o. Suppose o*a + 16 = -29. Let g(z) = z + 11. What is g(a)?
2
Let p(c) = 4*c - 4*c**3 - 3*c**3 + 17*c**3 + 5*c**2 - 6 - 11*c**3. Suppose -2*g = -5*g + 18. Determine p(g).
-18
Let o(l) be the first derivative of -l**3 + 1/4*l**4 - l**2 - 2*l - 212. Calculate o(4).
6
Let k(p) = 3*p**3 - 2*p**2 - p. Suppose -27 - 1 = -7*c. Suppose c*h + 9 = 17. Suppose -h*w = -54 + 56. Give k(w).
-4
Let j(s) = -53 - 628*s + 312*s + 310*s. Calculate j(-7).
-11
Suppose -4*y + 108 = d, 2*d + 32 - 140 = -4*y. Suppose -y = -21*h + 18*h. Let b(r) = -r - 2. Determine b(h).
-11
Let n be 2/(-3) + 2*(-119)/(-42). Suppose 2*g - 2 = -5*l + n, -4*g = -5*l + 31. Let s(i) be the second derivative of i**3/3 + 3*i**2/2 + 3*i. Calculate s(g).
-5
Let q(v) be the first derivative of 3*v**2/2 + 23*v - 3567. Determine q(-12).
-13
Let q = 114 - 226. Let z = 310 + q. Let m(y) = -y**2 + z - 103 - 80 + y**3. Calculate m(0).
15
Suppose 87 = -5*i + 2*i. Let d = 33 + i. Let w(u) = u**2 - 4 - 6*u + d*u - 5*u. Determine w(5).
-14
Let z(f) = f**2 - 39*f + 338. Let y be z(26). Let j(a) = a**3 - 2*a**2 + 2*a - 36. What is j(y)?
-36
Let u(c) = -7*c + 2. Suppose -11*q + 17 = -16. Suppose 0 = -5*m - 0*m - 5, -5*x + m = -46. Suppose q*b = x - 3. Calculate u(b).
-12
Let t(s) = -4*s - 3. Suppose 4*f - 4*p + 4 = 0, f + 6 = -6*p + 2*p. Let z be (0/(-4))/((-1)/f*-2). Let r be z + 0 + (4 - (9 - 2)). Calculate t(r).
9
Let p(y) = -974 + 488 + 480 - 3*y. Let b(i) = -i**2 + 6*i - 4. Suppose 0*x - 4*j + 2 = -3*x, -5*x + 25 = -j. Let d be b(x). Give p(d).
6
Let a = 6302 - 6279. Let u(k) = -k**2 + 16*k + 114. Give u(a).
-47
Let c = -10069 - -10079. Let v(g) = 7*g - 44. What is v(c)?
26
Suppose -20 = -11*t + 13. Let w(q) = -2*q + 1. Let l(h) = h. Let d(k) = t*l(k) + w(k). Suppose 0 = n + 4*n + 20. Give d(n).
-3
Let m = -538 - -538. Let w(o) = o**2 + o - 24. Determine w(m).
-24
Let i(u) = u**3 + 3*u**2 - 2*u - 2. Suppose -z - 3*n - 10 = -0, 3*n - 10 = 4*z. Calculate i(z).
-10
Let p be (-8)/((-64)/36)*2. Let a(c) = -2*c - 15 + 14 + 11. Determine a(p).
-8
Let p(r) = -2*r**3 + r**2 + 4*r. Let m be ((-7)/4 - (-4 + 104/32)) + 3. What is p(m)?
-4
Let p(y) = -y**3 + 8*y**2 - 5*y - 4. Suppose -32*b - 4 - 24 = 100. Suppose -12 = -0*u - 4*u. Let l be ((-5)/(-4) - u)*b. What is p(l)?
10
Let u(s) = s**2 - 5*s - 2. Let a be 213/5 + (2/5)/1. Let h = -33 + a. Suppose w + 18 = 3*k + 4, 5*w = 5*k - h. Calculate u(k).
4
Let r be 5/((-180)/64) + 52/(-234). Let o(y) = y**2 - 9. What is o(r)?
-5
Suppose 0 = 6*v - 2*v - 20. Let t(p) = -18. Let g(j) = j - 15. Let h(c) = v*g(c) - 4*t(c). What is h(3)?
12
Let f(w) = -57*w + 152*w - 55*w - 41*w. Determine f(2).
-2
Let m be (-1056)/(-21) - (-9 - (-650)/70). Let d be (3 - -2) + (2 - 1). Suppose d*h = 14 - m. Let c(t) = t - 4. Give c(h).
-10
Let i(z) be the second derivative of 1/60*z**5 + 0 + 5/24*z**4 - 13*z**2 - 7/6*z**3 - 35*z. Let w(y) be the first derivative of i(y). Give w(-7).
7
Let b be (247 + -243)/(8/(-2)). Let y(j) = j**2 + j. Determine y(b).
0
Let c(t) be the first derivative of -t**4/4 - 10*t**3/3 + 6*t**2 + 8*t + 529. What is c(-11)?
-3
Let z = -28 - -31. Suppose -z*o + 2*o + 10 = 0. Let y(i) = 3*i + o - 2 + 2*i - 5. Determine y(-2).
-7
Let c(k) be the third derivative of -k**7/840 + k**6/60 - k**5/120 - 7*k**4/24 + 13*k**3/3 + 266*k**2. Let n(t) be the first derivative of c(t). Give n(6).
-13
Suppose -l + 37 = -5*p + 13, 5*p = -3*l - 8. Let b(c) = 9*c + 35. What is b(p)?
-1
Let f(z) = -3*z + 5. Let w be f(0). Suppose 2*l + 3*l = w*j, -5 = 4*l - 5*j. Suppose 0 = l*p + 15 + 20. Let c(s) = s**3 + 7*s**2 - 3. What is c(p)?
-3
Let k(z) = z**2 + 121*z + 3552. Let s be k(-50). Let j(q) = 2*q**3 - q - 1. What is j(s)?
13
Let g(u) = 8*u - 48. Let x be (-9 - 0)/(9/(-6)). Calculate g(x).
0
Let y(s) = 4*s - 13. Let n(j) = 27*j - 100. Let i(u) = -n(u) + 9*y(u). What is i(1)?
